Suppose -z*y + y = -37. What is the tens digit of y?
3
Let r(a) be the first derivative of -a**3/3 - 3*a**2 + a - 2. Suppose -21 = -u - 4*o - o, -4*o = -u - 24. What is the units digit of r(u)?
9
Suppose -2*r + 5*i = -56 - 55, -r + 59 = i. What is the units digit of r?
8
Let r(w) = -w**3 - 3*w**2 + 2*w + 1. Let x be r(-5). Let y = x + -17. What is the tens digit of y?
2
Let u(y) = -8*y - 4. Let j be u(4). What is the tens digit of -4 - (-4 - -2) - j?
3
Let t(y) = 4 - 5*y**2 + 3*y**3 - 2*y + 12*y**2 - y. Let k(r) = 2*r**3 + 6*r**2 - 2*r + 3. Let d(h) = 4*k(h) - 3*t(h). What is the units digit of d(3)?
3
Let v = 86 + -59. Suppose -5*o - m + v = 0, -2*o = -0*o - 4*m - 24. What is the units digit of o?
6
Let y = -3 + 7. Let m = y + 2. What is the units digit of m?
6
Let v = -71 - -50. Let f = -9 - v. What is the units digit of f?
2
Suppose -32 = 6*l - 7*l. What is the tens digit of 1/((-127)/l + 4)?
3
Let p(d) = -d**3 + d + 33. Let t be p(0). Suppose 2*o + 2*o + t = x, -x - o = -28. What is the units digit of x?
9
Suppose 6*a = -719 + 2231. What is the units digit of a?
2
Let y(n) = n**3 - 9*n**2 + 9*n. Let u be y(8). Suppose -u - 2 = -2*c. What is the units digit of c?
5
Let u = -15 + 15. Suppose 16 = -u*n + 5*n - 2*o, -4*n + 17 = -3*o. What is the units digit of n?
2
Let a be (-2868)/(-3)*2/8. Suppose 5*h - a = 4*z, 0 = -2*h - 2*z - 31 + 123. What is the units digit of h?
7
Let m = 18 + -4. Let z = m + -8. What is the units digit of z?
6
Let d = 17 - 6. What is the units digit of d?
1
Let i be 318/5 - 4/(-10). Let r = i + -41. Suppose 4*u - 67 = -r. What is the tens digit of u?
1
Let y = -4 + 8. What is the units digit of y/(-6) - (-112)/6?
8
Let c(k) = -k - 2. Let j be c(0). What is the units digit of ((-15)/j)/((-1)/(-2))?
5
Let r(v) = 4*v**3 - 2*v**2 + 4*v + 3. Let j be r(4). Suppose -29 = -k + j. What is the tens digit of k/24 - (-2)/3?
1
Let m(p) = -p**2 + 8*p - 8. What is the units digit of m(6)?
4
Suppose -z + 4*z = 63. What is the units digit of z?
1
Suppose 7 = -3*a + 2*a. Let g = a - -22. Suppose -3*c + 2*d - 3 = -g, 11 = -2*c - 5*d. What is the units digit of c?
2
Let c = -18 - -25. Suppose c = 4*y - 21. What is the units digit of y?
7
Suppose 3*q - 38 + 8 = 0. Suppose -q = -b + 8. What is the units digit of b?
8
Suppose 0*b - 2*b + 3*f - 5 = 0, 0 = 3*b + f - 20. Suppose 2*x - b = 4*y - 3*y, -2*y - 3*x + 11 = 0. What is the units digit of y?
1
Suppose 5*d + 2 = -3*c + 17, 0 = 5*c - 2*d + 6. Suppose -7*s + 86 = -2*s - 2*p, 4*s - 5*p - 62 = c. What is the tens digit of s?
1
Let f(j) = j - 2. Suppose -3*a + 23 = -2*y, -5*a - 2*y + 5*y = -38. Let t be f(a). Suppose t*n + 4*v = n - 8, -v = -4*n + 17. What is the units digit of n?
3
Let s = 9 - 2. Suppose -2*v = -s - 3. What is the units digit of v?
5
Let x be 2/(8/44) - 3. Let s be 38 + -2 + -1 + 1. What is the units digit of 1/(-2) + s/x?
4
Let o = 99 - 20. What is the units digit of o?
9
Let u be (-2)/(-5) - 17/5. Let b(k) = k**2 - 9*k + 2. Let q be b(7). What is the units digit of u - (-1)/((-3)/q)?
1
What is the tens digit of (-4 - -7 - 2) + 1*60?
6
Let i(w) = -w**3 - 9*w**2 - 8*w - 4. Let a be i(-8). Let p = a - -8. What is the units digit of p?
4
Let j = 137 + -82. What is the units digit of j?
5
Let j = -101 + 171. Suppose -j = -5*z + c, 3*z = -0*z - 2*c + 29. What is the units digit of z?
3
Suppose 0 = -3*c + 4*c - 15. Let p be ((-12)/c)/((-4)/(-30)). What is the units digit of 9/p*2/(-3)?
1
Suppose -20 = -5*j - 0*j. Let w = j + 0. Suppose 0*b - 3*r = 3*b - 60, 0 = 2*b + w*r - 44. What is the units digit of b?
8
Let d = -4 - -7. Suppose d*u = -4*q + 65, -25 = -3*q - 2*u + 23. What is the tens digit of q?
1
Let v(a) = -a**3 + 9*a**2 + 7*a - 3. Let g be v(7). Let t be g/10 + (-4)/10. Suppose 0 = -l - l + t. What is the units digit of l?
7
Let b = -8 + 14. Let x be (-1*b)/((-6)/(-8)). Let s = -2 - x. What is the units digit of s?
6
Let f(p) = p**2 - p + 2. Let l be f(0). Let j = l - 1. What is the units digit of j?
1
Suppose -96 = -4*m - 0*m. Let f = m - 14. Suppose 3*g = -b + f, 5*b - 2 - 3 = 0. What is the units digit of g?
3
Let w(r) = -r**3 + 11*r**2 + 5*r + 10. What is the tens digit of w(11)?
6
Let s(c) = 3*c - 1. Let v be ((-44)/10)/(1/(-5)). Suppose 4*k - 32 = 2*a, -2*k - 2*a = 3*k - v. What is the units digit of s(k)?
7
Suppose 14 = 2*a - 0. Suppose 0*u + u = a. Suppose -2*m + 5 + u = 0. What is the units digit of m?
6
What is the units digit of 34 + 3/6*-6?
1
Let o(v) = -5*v + 2*v + 16 + 4*v. Suppose 4*r = -9 - 35. What is the units digit of o(r)?
5
Let p be ((-2)/(-4))/(4/(-40)). Let a(b) = -4 - b - 2 - b. What is the units digit of a(p)?
4
Let m(x) = -3*x + 4. What is the tens digit of m(-14)?
4
Let x(z) = 5*z - 3. Let r be x(-3). Suppose 0 = -f + 4*j + 21, -4*f + 0*j + 110 = -3*j. Let p = r + f. What is the tens digit of p?
1
Suppose 1 = -3*b + 2*b. Let x be b/3 - 19/(-3). Suppose 3*i = x, -c - 50 = -5*c - i. What is the units digit of c?
2
Let o(k) = 30*k**2 - k + 1. Let q be o(1). Suppose -2*a + 4*w = -q, -w = -3*a - 3*w + 13. What is the units digit of a?
7
Suppose -12 = -3*a, z = -2*a + 1 + 1. Let l be (-6)/4*z/(-9). What is the units digit of 14 + -1 - 2 - l?
2
Suppose 17 - 2 = 5*l. Suppose 4*b + 85 = l*d + 4, -4*d + 3*b = -108. What is the units digit of d?
7
What is the units digit of (35/(-15))/(4/(-24))?
4
Suppose s + 167 = 5*q - s, 2*q = -2*s + 64. What is the units digit of q?
3
Let v be 1 - (-3)/(-1)*-1. Suppose -v*f + 48 = -f. What is the units digit of f?
6
Let v(r) = -28*r - 24. What is the tens digit of v(-4)?
8
Let j be (-2 + 1)/1 - 3. Let d = j + 6. Suppose -d = a - 10. What is the units digit of a?
8
Suppose -4*m + 183 + 801 = 0. What is the tens digit of m?
4
Let y = 71 - 16. What is the tens digit of y?
5
Let i(p) = 2 - 1 - 1 + 4*p - 2 - 2*p**2. Let g be i(2). What is the units digit of 75/7 - g/7?
1
What is the tens digit of (-46)/(-3)*(3 - 0)?
4
Suppose -2*s + 9*s - 63 = 0. What is the units digit of s?
9
Let t = -151 + 255. What is the hundreds digit of t?
1
Let c = -10 - -14. Suppose c*w + 10 = 5*w. What is the units digit of w?
0
Suppose -5*r = -5*z - 35, 3*z + 25 = -2*z. Suppose 0*q - q + r*u + 22 = 0, 0 = q + u - 34. What is the units digit of q?
0
Let b(t) = 4*t**2 + t - 1. Suppose 3*m = -p + 7, 5*p = -m + p - 5. Suppose 2*g + m = 5*g. What is the units digit of b(g)?
4
What is the tens digit of (-507)/26*16/(-6)?
5
Let c(v) = 2*v. Suppose 2*y - 2*u - 10 = -0, -5*y = 3*u + 7. What is the units digit of c(y)?
2
Let l(i) = i**2 - 5*i + 7. What is the tens digit of l(6)?
1
Let k(z) = 4*z**2 + 9*z + 3. Let o be k(-5). Let b = -40 + o. What is the units digit of b?
8
Let y = 241 + 1. What is the tens digit of y?
4
Suppose 0*j + 7*j = 1176. What is the units digit of j?
8
Suppose 4*w - 458 = -n + 158, 4*n + 616 = 4*w. What is the hundreds digit of w?
1
Suppose 2*r - 3*r + 3*n + 8 = 0, 5*r - 22 = -3*n. Let w = -1 + r. Suppose -2*x + 34 = 3*a, 0 = -w*a + 3*a - x + 12. What is the units digit of a?
0
Let l(n) = 6*n**3 + 3*n**2 + n + 4. Let t(q) = q**3 - q**2 - q. Let j(k) = -l(k) + 4*t(k). What is the units digit of j(-4)?
2
Let h(i) = -14*i + 4. What is the tens digit of h(-1)?
1
Let v = 27 + -9. What is the units digit of v?
8
Let m = 2 - -1. Let p(j) = j**3 - 2*j**2 + 3*j - 3. Let q be p(2). Suppose -d + q = -m. What is the units digit of d?
6
Let j = 168 - 109. What is the units digit of j?
9
Let q = 3 - 1. Suppose -q*s + 40 = -3*g - 9, 0 = -4*s + g + 93. Suppose o + a = 3*o - 11, 0 = 5*o - 4*a - s. What is the units digit of o?
7
Let x = -41 + 97. Let i = x - 18. What is the units digit of i?
8
Let o be (7/21)/(2/(-186)). Let z = o + 46. What is the tens digit of z?
1
What is the units digit of (-12)/(4 + 33/(-6))?
8
Let b(n) = n - 8. Let y be b(7). Let w = 12 + y. Let q(m) = -m**3 + 10*m**2 + 11*m + 4. What is the units digit of q(w)?
4
Suppose 2*f + 5 = -p, -3*p - 2 - 5 = -2*f. What is the tens digit of 1/(p + (-201)/(-66))?
2
Let g = 9 - 5. Suppose -4*z = -4 - g. Suppose -2 + 12 = z*n. What is the units digit of n?
5
Suppose -y - 40 = -2*j - 18, -j = -y - 9. Suppose j = 3*w - 2. Suppose 3*d + 3*u = 3, d + 15 = -0*d - w*u. What is the units digit of d?
5
Let k = 8 - 4. Suppose k*a = 45 - 5. What is the units digit of a?
0
Suppose -3*t - 3*r